{"id":854,"date":"2024-01-18T15:23:18","date_gmt":"2024-01-18T15:23:18","guid":{"rendered":"https:\/\/exasud.fr\/?page_id=854"},"modified":"2025-07-17T12:45:30","modified_gmt":"2025-07-17T12:45:30","slug":"eauze","status":"publish","type":"page","link":"https:\/\/exasud.fr\/index.php\/eauze\/","title":{"rendered":"EAUZE"},"content":{"rendered":"\t\t<div data-elementor-type=\"wp-page\" data-elementor-id=\"854\" class=\"elementor elementor-854\" data-elementor-post-type=\"page\">\n\t\t\t\t\t\t<section class=\"elementor-section elementor-top-section elementor-element elementor-element-5c5f9c45 elementor-section-content-middle elementor-reverse-tablet elementor-reverse-mobile elementor-section-boxed elementor-section-height-default elementor-section-height-default\" data-id=\"5c5f9c45\" data-element_type=\"section\" data-settings=\"{&quot;background_background&quot;:&quot;classic&quot;}\">\n\t\t\t\t\t\t\t<div class=\"elementor-background-overlay\"><\/div>\n\t\t\t\t\t\t\t<div class=\"elementor-container elementor-column-gap-default\">\n\t\t\t\t\t<div class=\"elementor-column elementor-col-50 elementor-top-column elementor-element elementor-element-149f7507 elementor-invisible\" data-id=\"149f7507\" data-element_type=\"column\" data-settings=\"{&quot;animation&quot;:&quot;fadeInLeft&quot;}\">\n\t\t\t<div class=\"elementor-widget-wrap elementor-element-populated\">\n\t\t\t\t\t\t<div class=\"elementor-element elementor-element-7dcb09d1 elementor-widget elementor-widget-heading\" data-id=\"7dcb09d1\" data-element_type=\"widget\" data-widget_type=\"heading.default\">\n\t\t\t\t<div class=\"elementor-widget-container\">\n\t\t\t\t\t<h1 class=\"elementor-heading-title elementor-size-default\">EAUZE<\/h1>\t\t\t\t<\/div>\n\t\t\t\t<\/div>\n\t\t\t\t\t<\/div>\n\t\t<\/div>\n\t\t\t\t<div class=\"elementor-column elementor-col-50 elementor-top-column elementor-element elementor-element-7b4387fd elementor-invisible\" data-id=\"7b4387fd\" data-element_type=\"column\" data-settings=\"{&quot;animation&quot;:&quot;fadeInRight&quot;}\">\n\t\t\t<div class=\"elementor-widget-wrap elementor-element-populated\">\n\t\t\t\t\t\t<div class=\"elementor-element elementor-element-d303bcd elementor-widget__width-initial elementor-widget elementor-widget-image\" data-id=\"d303bcd\" data-element_type=\"widget\" data-widget_type=\"image.default\">\n\t\t\t\t<div class=\"elementor-widget-container\">\n\t\t\t\t\t\t\t\t\t\t\t\t\t\t\t<img fetchpriority=\"high\" decoding=\"async\" width=\"2752\" height=\"1420\" src=\"https:\/\/exasud.fr\/wp-content\/uploads\/2024\/01\/iStock-1015085274-4.png\" class=\"attachment-full size-full wp-image-154\" alt=\"\" srcset=\"https:\/\/exasud.fr\/wp-content\/uploads\/2024\/01\/iStock-1015085274-4.png 2752w, https:\/\/exasud.fr\/wp-content\/uploads\/2024\/01\/iStock-1015085274-4-300x155.png 300w, https:\/\/exasud.fr\/wp-content\/uploads\/2024\/01\/iStock-1015085274-4-1024x528.png 1024w, https:\/\/exasud.fr\/wp-content\/uploads\/2024\/01\/iStock-1015085274-4-768x396.png 768w, https:\/\/exasud.fr\/wp-content\/uploads\/2024\/01\/iStock-1015085274-4-1536x793.png 1536w, https:\/\/exasud.fr\/wp-content\/uploads\/2024\/01\/iStock-1015085274-4-2048x1057.png 2048w\" sizes=\"(max-width: 2752px) 100vw, 2752px\" \/>\t\t\t\t\t\t\t\t\t\t\t\t\t\t\t<\/div>\n\t\t\t\t<\/div>\n\t\t\t\t\t<\/div>\n\t\t<\/div>\n\t\t\t\t\t<\/div>\n\t\t<\/section>\n\t\t\t\t<section class=\"elementor-section elementor-top-section elementor-element elementor-element-1b494a87 elementor-section-content-middle elementor-section-boxed elementor-section-height-default elementor-section-height-default\" data-id=\"1b494a87\" data-element_type=\"section\">\n\t\t\t\t\t\t<div class=\"elementor-container elementor-column-gap-default\">\n\t\t\t\t\t<div class=\"elementor-column elementor-col-100 elementor-top-column elementor-element elementor-element-fdbab50\" data-id=\"fdbab50\" data-element_type=\"column\">\n\t\t\t<div class=\"elementor-widget-wrap elementor-element-populated\">\n\t\t\t\t\t\t<div class=\"elementor-element elementor-element-12c3b23 elementor-widget elementor-widget-heading\" data-id=\"12c3b23\" data-element_type=\"widget\" data-widget_type=\"heading.default\">\n\t\t\t\t<div class=\"elementor-widget-container\">\n\t\t\t\t\t<h2 class=\"elementor-heading-title elementor-size-default\">L\u2019agence Exasud se situe aux abords du centre ville d\u2019Eauze.<\/h2>\t\t\t\t<\/div>\n\t\t\t\t<\/div>\n\t\t\t\t<div class=\"elementor-element elementor-element-1a7d69d elementor-widget__width-initial elementor-widget elementor-widget-text-editor\" data-id=\"1a7d69d\" data-element_type=\"widget\" data-widget_type=\"text-editor.default\">\n\t\t\t\t<div class=\"elementor-widget-container\">\n\t\t\t\t\t\t\t\t\t<p>Les experts Exasud de l\u2019agence d\u2019Eauze accompagnent les m\u00e9tiers des secteurs agricoles, les m\u00e9tiers TP\/BTP, professions lib\u00e9rales, commer\u00e7ants, artisans ou dans l\u2019exploitation des \u00e9nergies renouvelables. Notre \u00e9quipe vous assiste dans l&rsquo;am\u00e9lioration des performances de votre entreprise et de vos initiatives.\u00a0\u00a0<\/p><p>Pilotez votre entreprise avec l\u2019aide de notre \u00e9quipe d\u2019experts \u00e0 l\u2019agence d\u2019Eauze.\u00a0<\/p>\t\t\t\t\t\t\t\t<\/div>\n\t\t\t\t<\/div>\n\t\t\t\t\t<\/div>\n\t\t<\/div>\n\t\t\t\t\t<\/div>\n\t\t<\/section>\n\t\t<div class=\"elementor-element elementor-element-2002e5fe e-flex e-con-boxed e-con e-parent\" data-id=\"2002e5fe\" data-element_type=\"container\">\n\t\t\t\t\t<div class=\"e-con-inner\">\n\t\t<div class=\"elementor-element elementor-element-4864d72 e-flex e-con-boxed e-con e-child\" data-id=\"4864d72\" data-element_type=\"container\">\n\t\t\t\t\t<div class=\"e-con-inner\">\n\t\t\t\t<div class=\"elementor-element elementor-element-7e570422 elementor-widget elementor-widget-text-editor\" data-id=\"7e570422\" data-element_type=\"widget\" data-widget_type=\"text-editor.default\">\n\t\t\t\t<div class=\"elementor-widget-container\">\n\t\t\t\t\t\t\t\t\t<p>8 Avenue des Pyr\u00e9n\u00e9es, 32 800 Eauze\u00a0<\/p>\t\t\t\t\t\t\t\t<\/div>\n\t\t\t\t<\/div>\n\t\t\t\t<div class=\"elementor-element elementor-element-5e0836c5 elementor-widget elementor-widget-heading\" data-id=\"5e0836c5\" data-element_type=\"widget\" data-widget_type=\"heading.default\">\n\t\t\t\t<div class=\"elementor-widget-container\">\n\t\t\t\t\t<h2 class=\"elementor-heading-title elementor-size-default\">Horaires<\/h2>\t\t\t\t<\/div>\n\t\t\t\t<\/div>\n\t\t<div class=\"elementor-element elementor-element-590aeb23 e-flex e-con-boxed e-con e-child\" data-id=\"590aeb23\" data-element_type=\"container\">\n\t\t\t\t\t<div class=\"e-con-inner\">\n\t\t\t\t<div class=\"elementor-element elementor-element-3ccf3df3 elementor-widget elementor-widget-text-editor\" data-id=\"3ccf3df3\" data-element_type=\"widget\" data-widget_type=\"text-editor.default\">\n\t\t\t\t<div class=\"elementor-widget-container\">\n\t\t\t\t\t\t\t\t\t<p>Lundi<\/p><p>Mardi<\/p><p>Mercredi<\/p><p>Jeudi<\/p><p>Vendredi<\/p><p>Samedi<\/p><p>Dimanche<\/p>\t\t\t\t\t\t\t\t<\/div>\n\t\t\t\t<\/div>\n\t\t\t\t<div class=\"elementor-element elementor-element-743be412 elementor-widget elementor-widget-text-editor\" data-id=\"743be412\" data-element_type=\"widget\" data-widget_type=\"text-editor.default\">\n\t\t\t\t<div class=\"elementor-widget-container\">\n\t\t\t\t\t\t\t\t\t<p>09:00\u2009\u2013\u200912:30, 14:00\u2009\u2013\u200917:30<\/p><p>09:00\u2009\u2013\u200912:30, 14:00\u2009\u2013\u200917:30<\/p><p>09:00\u2009\u2013\u200912:30, 14:00\u2009\u2013\u200917:30<\/p><p>09:00\u2009\u2013\u200912:30, 14:00\u2009\u2013\u200917:30<\/p><p>09:00\u2009\u2013\u200912:30, 14:00\u2009\u2013\u200917:30<\/p><p>Ferm\u00e9\u00a0<\/p><p>Ferm\u00e9<\/p>\t\t\t\t\t\t\t\t<\/div>\n\t\t\t\t<\/div>\n\t\t\t\t\t<\/div>\n\t\t\t\t<\/div>\n\t\t<div class=\"elementor-element elementor-element-29bd9238 e-flex e-con-boxed e-con e-child\" data-id=\"29bd9238\" data-element_type=\"container\">\n\t\t\t\t\t<div class=\"e-con-inner\">\n\t\t\t\t<div class=\"elementor-element elementor-element-480b18fc elementor-widget__width-initial elementor-view-default elementor-widget elementor-widget-icon\" data-id=\"480b18fc\" data-element_type=\"widget\" data-widget_type=\"icon.default\">\n\t\t\t\t<div class=\"elementor-widget-container\">\n\t\t\t\t\t\t\t<div class=\"elementor-icon-wrapper\">\n\t\t\t<div class=\"elementor-icon\">\n\t\t\t<i aria-hidden=\"true\" class=\"icon icon-phone-call\"><\/i>\t\t\t<\/div>\n\t\t<\/div>\n\t\t\t\t\t\t<\/div>\n\t\t\t\t<\/div>\n\t\t\t\t<div class=\"elementor-element elementor-element-43c919ec elementor-widget elementor-widget-text-editor\" data-id=\"43c919ec\" data-element_type=\"widget\" data-widget_type=\"text-editor.default\">\n\t\t\t\t<div class=\"elementor-widget-container\">\n\t\t\t\t\t\t\t\t\t<p>05.62.69.10.11<\/p>\t\t\t\t\t\t\t\t<\/div>\n\t\t\t\t<\/div>\n\t\t\t\t<div class=\"elementor-element elementor-element-3ab952cc elementor-widget__width-initial elementor-view-default elementor-widget elementor-widget-icon\" data-id=\"3ab952cc\" data-element_type=\"widget\" data-widget_type=\"icon.default\">\n\t\t\t\t<div class=\"elementor-widget-container\">\n\t\t\t\t\t\t\t<div class=\"elementor-icon-wrapper\">\n\t\t\t<div class=\"elementor-icon\">\n\t\t\t<i aria-hidden=\"true\" class=\" ti-email\"><\/i>\t\t\t<\/div>\n\t\t<\/div>\n\t\t\t\t\t\t<\/div>\n\t\t\t\t<\/div>\n\t\t\t\t<div class=\"elementor-element elementor-element-46995b03 elementor-widget elementor-widget-text-editor\" data-id=\"46995b03\" data-element_type=\"widget\" data-widget_type=\"text-editor.default\">\n\t\t\t\t<div class=\"elementor-widget-container\">\n\t\t\t\t\t\t\t\t\t<p><a href=\"mailto:agc@exasud.fr\">agc@exasud.fr<\/a><\/p>\t\t\t\t\t\t\t\t<\/div>\n\t\t\t\t<\/div>\n\t\t\t\t\t<\/div>\n\t\t\t\t<\/div>\n\t\t\t\t\t<\/div>\n\t\t\t\t<\/div>\n\t\t<div class=\"elementor-element elementor-element-24a4a1ad e-con-full e-flex e-con e-child\" data-id=\"24a4a1ad\" data-element_type=\"container\">\n\t\t\t\t<div class=\"elementor-element elementor-element-1c0d37ce elementor-widget elementor-widget-google_maps\" data-id=\"1c0d37ce\" data-element_type=\"widget\" data-widget_type=\"google_maps.default\">\n\t\t\t\t<div class=\"elementor-widget-container\">\n\t\t\t\t\t\t\t<div class=\"elementor-custom-embed\">\n\t\t\t<iframe loading=\"lazy\"\n\t\t\t\t\tsrc=\"https:\/\/maps.google.com\/maps?q=8%20Avenue%20des%20Pyr%C3%A9n%C3%A9es%2C%2032%20800%20Eauze%20&#038;t=m&#038;z=14&#038;output=embed&#038;iwloc=near\"\n\t\t\t\t\ttitle=\"8 Avenue des Pyr\u00e9n\u00e9es, 32 800 Eauze \"\n\t\t\t\t\taria-label=\"8 Avenue des Pyr\u00e9n\u00e9es, 32 800 Eauze \"\n\t\t\t><\/iframe>\n\t\t<\/div>\n\t\t\t\t\t\t<\/div>\n\t\t\t\t<\/div>\n\t\t\t\t<\/div>\n\t\t\t\t\t<\/div>\n\t\t\t\t<\/div>\n\t\t\t\t<\/div>\n\t\t","protected":false},"excerpt":{"rendered":"<p>EAUZE L\u2019agence Exasud se situe aux abords du centre ville d\u2019Eauze. Les experts Exasud de l\u2019agence d\u2019Eauze accompagnent les m\u00e9tiers des secteurs agricoles, les m\u00e9tiers TP\/BTP, professions lib\u00e9rales, commer\u00e7ants, artisans ou dans l\u2019exploitation des \u00e9nergies renouvelables. Notre \u00e9quipe vous assiste dans l&rsquo;am\u00e9lioration des performances de votre entreprise et de vos initiatives.\u00a0\u00a0 Pilotez votre entreprise avec [&hellip;]<\/p>\n","protected":false},"author":1,"featured_media":0,"parent":0,"menu_order":0,"comment_status":"closed","ping_status":"closed","template":"elementor_header_footer","meta":{"footnotes":""},"class_list":["post-854","page","type-page","status-publish","hentry","entry"],"yoast_head":"<!-- This site is optimized with the Yoast SEO plugin v25.8 - https:\/\/yoast.com\/wordpress\/plugins\/seo\/ -->\n<title>EAUZE - exasud<\/title>\n<meta name=\"description\" content=\"Exasud Eauze accompagne les m\u00e9tiers des secteurs agricoles, les m\u00e9tiers TP\/BTP, professions lib\u00e9rales, commer\u00e7ants, artisans ou dans l\u2019exploitation des \u00e9nergies renouvelables.\" \/>\n<meta name=\"robots\" content=\"index, follow, max-snippet:-1, max-image-preview:large, max-video-preview:-1\" \/>\n<link rel=\"canonical\" href=\"https:\/\/exasud.fr\/index.php\/eauze\/\" \/>\n<meta property=\"og:locale\" content=\"fr_FR\" \/>\n<meta property=\"og:type\" content=\"article\" \/>\n<meta property=\"og:title\" content=\"EAUZE - exasud\" \/>\n<meta property=\"og:description\" content=\"Exasud Eauze accompagne les m\u00e9tiers des secteurs agricoles, les m\u00e9tiers TP\/BTP, professions lib\u00e9rales, commer\u00e7ants, artisans ou dans l\u2019exploitation des \u00e9nergies renouvelables.\" \/>\n<meta property=\"og:url\" content=\"https:\/\/exasud.fr\/index.php\/eauze\/\" \/>\n<meta property=\"og:site_name\" content=\"exasud\" \/>\n<meta property=\"article:modified_time\" content=\"2025-07-17T12:45:30+00:00\" \/>\n<meta property=\"og:image\" content=\"https:\/\/exasud.fr\/wp-content\/uploads\/2024\/01\/iStock-1015085274-4.png\" \/>\n<meta name=\"twitter:card\" content=\"summary_large_image\" \/>\n<meta name=\"twitter:label1\" content=\"Dur\u00e9e de lecture estim\u00e9e\" \/>\n\t<meta name=\"twitter:data1\" content=\"1 minute\" \/>\n<script type=\"application\/ld+json\" class=\"yoast-schema-graph\">{\"@context\":\"https:\/\/schema.org\",\"@graph\":[{\"@type\":\"WebPage\",\"@id\":\"https:\/\/exasud.fr\/index.php\/eauze\/\",\"url\":\"https:\/\/exasud.fr\/index.php\/eauze\/\",\"name\":\"EAUZE - exasud\",\"isPartOf\":{\"@id\":\"https:\/\/exasud.fr\/#website\"},\"primaryImageOfPage\":{\"@id\":\"https:\/\/exasud.fr\/index.php\/eauze\/#primaryimage\"},\"image\":{\"@id\":\"https:\/\/exasud.fr\/index.php\/eauze\/#primaryimage\"},\"thumbnailUrl\":\"https:\/\/exasud.fr\/wp-content\/uploads\/2024\/01\/iStock-1015085274-4.png\",\"datePublished\":\"2024-01-18T15:23:18+00:00\",\"dateModified\":\"2025-07-17T12:45:30+00:00\",\"description\":\"Exasud Eauze accompagne les m\u00e9tiers des secteurs agricoles, les m\u00e9tiers TP\/BTP, professions lib\u00e9rales, commer\u00e7ants, artisans ou dans l\u2019exploitation des \u00e9nergies renouvelables.\",\"breadcrumb\":{\"@id\":\"https:\/\/exasud.fr\/index.php\/eauze\/#breadcrumb\"},\"inLanguage\":\"fr-FR\",\"potentialAction\":[{\"@type\":\"ReadAction\",\"target\":[\"https:\/\/exasud.fr\/index.php\/eauze\/\"]}]},{\"@type\":\"ImageObject\",\"inLanguage\":\"fr-FR\",\"@id\":\"https:\/\/exasud.fr\/index.php\/eauze\/#primaryimage\",\"url\":\"https:\/\/exasud.fr\/wp-content\/uploads\/2024\/01\/iStock-1015085274-4.png\",\"contentUrl\":\"https:\/\/exasud.fr\/wp-content\/uploads\/2024\/01\/iStock-1015085274-4.png\",\"width\":2752,\"height\":1420},{\"@type\":\"BreadcrumbList\",\"@id\":\"https:\/\/exasud.fr\/index.php\/eauze\/#breadcrumb\",\"itemListElement\":[{\"@type\":\"ListItem\",\"position\":1,\"name\":\"Accueil\",\"item\":\"https:\/\/exasud.fr\/\"},{\"@type\":\"ListItem\",\"position\":2,\"name\":\"EAUZE\"}]},{\"@type\":\"WebSite\",\"@id\":\"https:\/\/exasud.fr\/#website\",\"url\":\"https:\/\/exasud.fr\/\",\"name\":\"exasud\",\"description\":\"\",\"publisher\":{\"@id\":\"https:\/\/exasud.fr\/#organization\"},\"potentialAction\":[{\"@type\":\"SearchAction\",\"target\":{\"@type\":\"EntryPoint\",\"urlTemplate\":\"https:\/\/exasud.fr\/?s={search_term_string}\"},\"query-input\":{\"@type\":\"PropertyValueSpecification\",\"valueRequired\":true,\"valueName\":\"search_term_string\"}}],\"inLanguage\":\"fr-FR\"},{\"@type\":\"Organization\",\"@id\":\"https:\/\/exasud.fr\/#organization\",\"name\":\"exasud\",\"url\":\"https:\/\/exasud.fr\/\",\"logo\":{\"@type\":\"ImageObject\",\"inLanguage\":\"fr-FR\",\"@id\":\"https:\/\/exasud.fr\/#\/schema\/logo\/image\/\",\"url\":\"https:\/\/exasud.fr\/wp-content\/uploads\/2024\/01\/Exasud_Baseline_RVB.png\",\"contentUrl\":\"https:\/\/exasud.fr\/wp-content\/uploads\/2024\/01\/Exasud_Baseline_RVB.png\",\"width\":2329,\"height\":1273,\"caption\":\"exasud\"},\"image\":{\"@id\":\"https:\/\/exasud.fr\/#\/schema\/logo\/image\/\"}}]}<\/script>\n<!-- \/ Yoast SEO plugin. -->","yoast_head_json":{"title":"EAUZE - exasud","description":"Exasud Eauze accompagne les m\u00e9tiers des secteurs agricoles, les m\u00e9tiers TP\/BTP, professions lib\u00e9rales, commer\u00e7ants, artisans ou dans l\u2019exploitation des \u00e9nergies renouvelables.","robots":{"index":"index","follow":"follow","max-snippet":"max-snippet:-1","max-image-preview":"max-image-preview:large","max-video-preview":"max-video-preview:-1"},"canonical":"https:\/\/exasud.fr\/index.php\/eauze\/","og_locale":"fr_FR","og_type":"article","og_title":"EAUZE - exasud","og_description":"Exasud Eauze accompagne les m\u00e9tiers des secteurs agricoles, les m\u00e9tiers TP\/BTP, professions lib\u00e9rales, commer\u00e7ants, artisans ou dans l\u2019exploitation des \u00e9nergies renouvelables.","og_url":"https:\/\/exasud.fr\/index.php\/eauze\/","og_site_name":"exasud","article_modified_time":"2025-07-17T12:45:30+00:00","og_image":[{"url":"https:\/\/exasud.fr\/wp-content\/uploads\/2024\/01\/iStock-1015085274-4.png","type":"","width":"","height":""}],"twitter_card":"summary_large_image","twitter_misc":{"Dur\u00e9e de lecture estim\u00e9e":"1 minute"},"schema":{"@context":"https:\/\/schema.org","@graph":[{"@type":"WebPage","@id":"https:\/\/exasud.fr\/index.php\/eauze\/","url":"https:\/\/exasud.fr\/index.php\/eauze\/","name":"EAUZE - exasud","isPartOf":{"@id":"https:\/\/exasud.fr\/#website"},"primaryImageOfPage":{"@id":"https:\/\/exasud.fr\/index.php\/eauze\/#primaryimage"},"image":{"@id":"https:\/\/exasud.fr\/index.php\/eauze\/#primaryimage"},"thumbnailUrl":"https:\/\/exasud.fr\/wp-content\/uploads\/2024\/01\/iStock-1015085274-4.png","datePublished":"2024-01-18T15:23:18+00:00","dateModified":"2025-07-17T12:45:30+00:00","description":"Exasud Eauze accompagne les m\u00e9tiers des secteurs agricoles, les m\u00e9tiers TP\/BTP, professions lib\u00e9rales, commer\u00e7ants, artisans ou dans l\u2019exploitation des \u00e9nergies renouvelables.","breadcrumb":{"@id":"https:\/\/exasud.fr\/index.php\/eauze\/#breadcrumb"},"inLanguage":"fr-FR","potentialAction":[{"@type":"ReadAction","target":["https:\/\/exasud.fr\/index.php\/eauze\/"]}]},{"@type":"ImageObject","inLanguage":"fr-FR","@id":"https:\/\/exasud.fr\/index.php\/eauze\/#primaryimage","url":"https:\/\/exasud.fr\/wp-content\/uploads\/2024\/01\/iStock-1015085274-4.png","contentUrl":"https:\/\/exasud.fr\/wp-content\/uploads\/2024\/01\/iStock-1015085274-4.png","width":2752,"height":1420},{"@type":"BreadcrumbList","@id":"https:\/\/exasud.fr\/index.php\/eauze\/#breadcrumb","itemListElement":[{"@type":"ListItem","position":1,"name":"Accueil","item":"https:\/\/exasud.fr\/"},{"@type":"ListItem","position":2,"name":"EAUZE"}]},{"@type":"WebSite","@id":"https:\/\/exasud.fr\/#website","url":"https:\/\/exasud.fr\/","name":"exasud","description":"","publisher":{"@id":"https:\/\/exasud.fr\/#organization"},"potentialAction":[{"@type":"SearchAction","target":{"@type":"EntryPoint","urlTemplate":"https:\/\/exasud.fr\/?s={search_term_string}"},"query-input":{"@type":"PropertyValueSpecification","valueRequired":true,"valueName":"search_term_string"}}],"inLanguage":"fr-FR"},{"@type":"Organization","@id":"https:\/\/exasud.fr\/#organization","name":"exasud","url":"https:\/\/exasud.fr\/","logo":{"@type":"ImageObject","inLanguage":"fr-FR","@id":"https:\/\/exasud.fr\/#\/schema\/logo\/image\/","url":"https:\/\/exasud.fr\/wp-content\/uploads\/2024\/01\/Exasud_Baseline_RVB.png","contentUrl":"https:\/\/exasud.fr\/wp-content\/uploads\/2024\/01\/Exasud_Baseline_RVB.png","width":2329,"height":1273,"caption":"exasud"},"image":{"@id":"https:\/\/exasud.fr\/#\/schema\/logo\/image\/"}}]}},"_links":{"self":[{"href":"https:\/\/exasud.fr\/index.php\/wp-json\/wp\/v2\/pages\/854","targetHints":{"allow":["GET"]}}],"collection":[{"href":"https:\/\/exasud.fr\/index.php\/wp-json\/wp\/v2\/pages"}],"about":[{"href":"https:\/\/exasud.fr\/index.php\/wp-json\/wp\/v2\/types\/page"}],"author":[{"embeddable":true,"href":"https:\/\/exasud.fr\/index.php\/wp-json\/wp\/v2\/users\/1"}],"replies":[{"embeddable":true,"href":"https:\/\/exasud.fr\/index.php\/wp-json\/wp\/v2\/comments?post=854"}],"version-history":[{"count":22,"href":"https:\/\/exasud.fr\/index.php\/wp-json\/wp\/v2\/pages\/854\/revisions"}],"predecessor-version":[{"id":4319,"href":"https:\/\/exasud.fr\/index.php\/wp-json\/wp\/v2\/pages\/854\/revisions\/4319"}],"wp:attachment":[{"href":"https:\/\/exasud.fr\/index.php\/wp-json\/wp\/v2\/media?parent=854"}],"curies":[{"name":"wp","href":"https:\/\/api.w.org\/{rel}","templated":true}]}}